number?
True
Let p = -62 + 75. Suppose -17*u + 940 = -p*u. Is u prime?
False
Let d(v) = -97*v**2 + v - 2. Let q be d(3). Let x = q - -1391. Is x composite?
True
Let q(c) = c**2 - c - 8. Let k be q(4). Suppose 5*y - y - 3055 = -5*z, 2444 = k*z + y. Is z a prime number?
False
Let o(q) be the third derivative of q**5/60 - 5*q**4/12 - q**2. Let x be (22/(-3))/((-2)/3). Is o(x) a prime number?
True
Is 4/32 + (-673941)/(-24) + -8 composite?
True
Suppose 2*l + l - g - 72216 = 0, 0 = 2*l - 4*g - 48154. Is l prime?
True
Let z(i) = -i**2 + 9*i + 10. Let w be z(9). Let v be w/4 - 5/10. Suppose c - v*c + 541 = 0. Is c prime?
True
Suppose 2*i = -2*x - 336, -2*x + 3*i - 856 = 3*x. Let d = -253 - x. Let k = 186 + d. Is k a composite number?
False
Let d(g) = -388*g - 3. Let o(k) = 775*k + 7. Let x(r) = 5*d(r) + 2*o(r). Let l be 4/(-14) - 20/28. Is x(l) a prime number?
True
Let b(x) be the first derivative of -9 + 8*x - x**2 + 1/4*x**4 - 2*x**3. Is b(7) a prime number?
True
Let r(m) = 760*m + 31. Is r(7) prime?
True
Suppose -4194 = -4*g + 2*o, -10*g + 5*o + 3142 = -7*g. Is g a composite number?
False
Suppose -5*p + 10*p - 3*r - 13226 = 0, p = -3*r + 2656. Is p a composite number?
False
Suppose 5*z + 6 = 8*z. Suppose j + 3*q = 1549, -3*j + 6*q - z*q = -4699. Is j a prime number?
False
Let f(v) = -v**2 + 16*v + 22. Let r be f(17). Suppose -s = 5*k - 3869 - 1524, 3*s + r*k = 16159. Is s a prime number?
False
Let f(q) = 6*q**3 + 6*q**2 - 20*q - 1. Let k(g) = -5*g**3 - 5*g**2 + 19*g. Let j(x) = -4*f(x) - 5*k(x). Is j(9) composite?
True
Let w(k) = 442*k**2 + 6*k - 5. Is w(-5) a composite number?
True
Let v(t) = -t**2 + t + 719. Let i be (-2)/(-8)*(3 + -3). Is v(i) a prime number?
True
Suppose -3*h - 28 = -4*y, 0 = -4*y - 2*h + 8 - 0. Let k be (-4)/(-32)*y*10. Suppose -3*d + 523 = 4*v, -k*v + 0*d = -2*d - 671. Is v composite?
True
Suppose 0 = 3*i - 2*k - 91721, 6*i - 2*i - 122303 = k. Is i prime?
True
Let j = 24 + -12. Is j/(-20) + (-3832)/(-20) a composite number?
False
Let r = 96 + -114. Let d = r + 28. Is d a composite number?
True
Suppose -5*z - 6*b + 15 = -b, 5*z + 35 = 5*b. Is -3*z/15 - 29916/(-60) composite?
False
Suppose -8*d = -14*d + 12774. Is d prime?
True
Suppose -y + 38787 = b, b + 20796 = 4*y + 59563. Is b prime?
True
Let u be ((3 - 13) + 3)*-68. Let m = 58 + -51. Suppose -3*h - u = -m*h. Is h a prime number?
False
Suppose 129906 = -5*x + 23*x. Is x a composite number?
True
Let a(c) = 15*c**3 + c. Let f be a(1). Suppose 12*v + 15956 = f*v. Is v a prime number?
True
Suppose -220*k + 229*k - 225117 = 0. Is k prime?
True
Let w be (-3)/((-2 - -3)*-3). Let r be w + (0 + -3 - -7). Suppose 5*q - r*t - 1050 = 0, 4*t - 92 = 2*q - 510. Is q a prime number?
True
Let t(d) = 5*d**2 + 21*d - 49. Is t(-26) prime?
False
Suppose -4*b - 3*v = 871, -3*b + 0*b - v - 647 = 0. Let c = 1933 + b. Let r = c - 976. Is r a prime number?
True
Suppose 5*k = k - 4. Is ((-2)/(-2) - -234) + 3 + k composite?
True
Let p = 8 - -2. Let x be ((-95)/p)/(1/(-8)). Is (6/(-4))/((-2)/x) prime?
False
Let p(x) = -x**3 - 8*x**2 - x - 3. Let t be p(-8). Suppose -3*j = -t*j + 2. Is (-1392)/(-18) + j/(-3) composite?
True
Suppose -91917 = -2*l + 3*z, -134071 = -5*l + 3*z + 95717. Is l a composite number?
True
Let s(h) = -3038*h**3 - 1. Is s(-1) prime?
True
Let o(m) = -25*m**3 + m**2 + m + 1. Let q be o(-1). Suppose -4*n + 22 = -q. Is -6*3/(n/(-34)) prime?
False
Suppose t - 875 = u, 4*t - 1305 - 2213 = -2*u. Is t prime?
False
Let g be (-6 + 0)*58*15/(-10). Suppose -v + 2*p + 973 = 0, -p + g + 3343 = 4*v. Is v a composite number?
False
Let n(d) = -5*d**2 - 2*d - 8. Let i(a) = -6*a**2 - 3*a - 9. Let s(z) = 6*i(z) - 7*n(z). Let l be s(-5). Is 149 + (1 - 2) + l a prime number?
False
Let d(g) = 3*g + 40. Let h be d(-12). Let a(p) = -2*p + 2*p**2 + 5 + 3 + 1. Is a(h) composite?
True
Let x(r) = -r**2 + 6*r - 4. Let p be x(2). Suppose -4*o + 6*s = 4*s - 7040, -p*o = -4*s - 7044. Is o prime?
True
Let p be (40/(-6))/((-6)/27). Let d be (p/(-40))/(1/24). Is (-1)/2 - 7695/d a prime number?
False
Let x be 2/10 - (-56)/20. Suppose -x*g + 2*g + 59 = -5*l, 3*l + 4*g = -40. Let n(w) = 2*w**2 + 12*w - 17. Is n(l) a prime number?
True
Suppose 0*c + 2*c = 0. Let s be 5 + 3/(-3 + c). Suppose 5*m + 1807 = s*b + 330, 5*b + 4*m = 1877. Is b a composite number?
False
Suppose 0 = k - 0 - 3. Suppose -209 = -k*n + 442. Is n prime?
False
Let n(u) = 317*u**2 - 4*u + 76. Is n(7) a prime number?
True
Suppose -4*b - 4*r = -8, 2*b - 4*r - 4 = 6. Is 4 + (4 - b) + 288 a composite number?
False
Let i(m) = m - 2. Let k be i(3). Let b(t) = 3*t**2 - k - 3 - 2*t - t**3 - 5*t**3. Is b(-3) a composite number?
False
Let b(z) = 12*z - 12. Let t be b(2). Suppose 240 + 1896 = t*d. Is d prime?
False
Let g = -156 + 261. Suppose 0 = p - 106 - g. Is p composite?
False
Let b(p) = 14*p**2 + 2*p + 3. Let k be b(-6). Let d = 119 + -411. Let u = k + d. Is u prime?
False
Suppose -23*z + 18*z = -m + 1097, m - 4*z - 1095 = 0. Is m prime?
True
Let d be -3 + (0 - -4) - -895. Suppose 0 = q - 5*w - 17 - 409, 0 = -2*q - w + d. Is q composite?
True
Let v(l) = -8*l**3 + 4*l**2 + 6*l - 13. Let r be v(-5). Let g = -516 + r. Is g a prime number?
True
Suppose 1902 = 3*d - 3*v, -v + 8 = 13. Is d a composite number?
True
Let q be (-4)/(-6) - (-30)/9. Suppose -q*g + 124 = -448. Is g prime?
False
Let w(k) = 455*k**3 - 2*k**2 + 3*k - 3. Let s(r) = -r**3 + 19*r**2 + 20*r + 1. Let i be s(20). Is w(i) a prime number?
False
Let t = -23 - -29. Let a(x) = -1 - t*x**2 + 21*x**2 + 3*x - 14*x**2. Is a(12) composite?
False
Suppose -k + 40 = -9*k. Is (-9)/45 - 3176/k prime?
False
Let f = -664 - -1751. Is f a composite number?
False
Suppose 0 = 3*b - 372 - 237. Is b prime?
False
Let m be (2/6)/(12/(-36)). Let u be 43 + (-3 + 4)*m. Suppose s - 648 = 5*c, -s - 5*c + u + 656 = 0. Is s composite?
False
Let u(r) = 41*r**2 - 4*r - 1. Let z be u(-3). Suppose -v + 1310 = 4*v - 3*n, 4*v - 1085 = -5*n. Let h = z - v. Is h a prime number?
False
Let l(y) = y**3 - 5*y**2 + 3*y - 1. Let v be l(4). Let j(i) be the third derivative of -25*i**4/6 + 11*i**3/6 + 3*i**2. Is j(v) composite?
True
Let q be (2/2)/((-15)/30). Let u be (17 - -7)/(3/q). Is -22*2*4/u prime?
True
Let n = 20120 + -13051. Is n a prime number?
True
Let b = -199 + 369. Let n = b + -52. Is n prime?
False
Let n = -102 + 64. Let f = 205 - 102. Let c = n + f. Is c composite?
True
Let v(a) be the second derivative of 65*a**4/4 - a**3/3 + 4*a**2 + 2*a. Let j be v(4). Suppose 3702 + 207 = 5*b + 2*t, 4*b - j = 2*t. Is b a prime number?
False
Let l = -398 + 521. Let y = -2 - -5. Suppose -y*f - 2 = -2*u + l, -3*f = 3*u - 165. Is u composite?
True
Let j = 531 - 42. Is j prime?
False
Suppose -3*x + 37717 = -2*u - 3*u, -5*x + 62855 = -5*u. Is x prime?
True
Suppose 3525 = 4*y - 1887. Let q = y - 394. Is q a prime number?
False
Suppose -2*s = -t + 29475, 38773 = -2*t - 2*s + 97729. Is t composite?
True
Let w(u) = -6 + 5 - 57*u + 2. Let q(x) = -x**3 + 11*x**2 - x + 9. Let v be q(11). Is w(v) a prime number?
False
Is 2335/6 + (-1)/6 a prime number?
True
Suppose -4*q = -24*q + 160780. Is q prime?
True
Suppose 1111 = 15*r - 3599. Is r prime?
False
Suppose 0 = p - 3*s - 3808, -p - 7656 = -3*p - 4*s. Suppose 2*w = -4*o - p, -4*w + 528 = -3*o - 2315. Let v = -574 - o. Is v composite?
False
Let v(s) = 9933*s - 34. Is v(1) a composite number?
True
Suppose 3*x + 7 + 11 = 0. Let k(a) be the first derivative of -a**4/4 - 2*a**3/3 + 5*a**2/2 - 3*a - 4. Is k(x) a prime number?
False
Is (3 + -2*1)/((-30)/(-6330)) a prime number?
True
Let m = -13 - -15. Suppose 3*i = 3, c - 291 = -m*i + i. Suppose -3*x - 5*y = 2*x - c, 0 = 5*x - 3*y - 250. Is x composite?
False
Suppose -661072 - 294005 = -51*h. Is h a prime number?
False
Suppose -2*h = 2*q + 3506, 0 = q + 4*q - 3*h + 8757. Let g = -695 - q. Is g prime?
False
Suppose 20 = 5*f + v, f = -2*f - 3*v. Suppose 3*c - 3044 = -f*s, 3*c = -2*c + 3*s + 5062. Suppose 2*g + 345 - c = 2*t, 0 = g + 3*t - 322. Is g a prime number?
True
Suppose 4*b - 2557 - 1887 = 0. Let k be 1*-1 - (-21)/7. Suppose -t + k*t = b. Is t a composite number?
True
Is 6*3/9 + -7 + 3556 composite?
True
Suppose 0*w + w + 4*q = 16, -w - 2*q + 16 = 0. Let m be -14*(-4)/w*562. Let a = m + -918. Is a a prime number?
True
Suppose 0 = -4*x + 2*t + 34, -9 = -3*